{"id":8026,"date":"2025-07-29T15:19:57","date_gmt":"2025-07-29T18:19:57","guid":{"rendered":"https:\/\/kasadesign.com.ar\/store\/?post_type=product&#038;p=8026"},"modified":"2026-03-04T09:20:28","modified_gmt":"2026-03-04T12:20:28","slug":"pinus-small","status":"publish","type":"product","link":"https:\/\/kasadesign.com.ar\/store\/?product=pinus-small","title":{"rendered":"Pinus small"},"content":{"rendered":"<p data-start=\"71\" data-end=\"93\"><strong data-start=\"71\" data-end=\"93\">Sill\u00f3n Pinus Small<\/strong><\/p>\n<p data-start=\"95\" data-end=\"593\">Dise\u00f1o compacto, c\u00f3modo y vers\u00e1til. El <strong data-start=\"134\" data-end=\"149\">Pinus Small<\/strong> es ideal para espacios reducidos o como complemento en livings, estudios o dormitorios. Su estructura est\u00e1 realizada en madera maciza de para\u00edso, con lustre natural a la cera, que realza la calidez y veta de la madera.<br data-start=\"368\" data-end=\"371\" \/>Cuenta con almohadones tapizados en tusor sobre una base firme de 1&#215;1 m, ofreciendo un asiento generoso en poco espacio. Su estilo minimalista y noble lo convierte en una pieza funcional y est\u00e9tica para cualquier ambiente.<\/p>\n","protected":false},"excerpt":{"rendered":"<p data-start=\"71\" data-end=\"93\"><strong data-start=\"71\" data-end=\"93\">Sill\u00f3n Pinus Small<\/strong><\/p>\n<p data-start=\"95\" data-end=\"593\">Dise\u00f1o compacto, c\u00f3modo y vers\u00e1til. El <strong data-start=\"134\" data-end=\"149\">Pinus Small<\/strong> es ideal para espacios reducidos o como complemento en livings, estudios o dormitorios. Su estructura est\u00e1 realizada en madera maciza de para\u00edso, con lustre natural a la cera, que realza la calidez y veta de la madera.<br data-start=\"368\" data-end=\"371\" \/>Cuenta con almohadones tapizados en tusor sobre una base firme de 1&#215;1 m, ofreciendo un asiento generoso en poco espacio. Su estilo minimalista y noble lo convierte en una pieza funcional y est\u00e9tica para cualquier ambiente.<\/p>\n","protected":false},"featured_media":8029,"comment_status":"open","ping_status":"closed","template":"","meta":[],"product_brand":[],"product_cat":[61,40],"product_tag":[],"class_list":{"0":"post-8026","1":"product","2":"type-product","3":"status-publish","4":"has-post-thumbnail","6":"product_cat-sillones","7":"product_cat-todos","9":"first","10":"instock","11":"shipping-taxable","12":"purchasable","13":"product-type-simple"},"_links":{"self":[{"href":"https:\/\/kasadesign.com.ar\/store\/index.php?rest_route=\/wp\/v2\/product\/8026","targetHints":{"allow":["GET"]}}],"collection":[{"href":"https:\/\/kasadesign.com.ar\/store\/index.php?rest_route=\/wp\/v2\/product"}],"about":[{"href":"https:\/\/kasadesign.com.ar\/store\/index.php?rest_route=\/wp\/v2\/types\/product"}],"replies":[{"embeddable":true,"href":"https:\/\/kasadesign.com.ar\/store\/index.php?rest_route=%2Fwp%2Fv2%2Fcomments&post=8026"}],"wp:featuredmedia":[{"embeddable":true,"href":"https:\/\/kasadesign.com.ar\/store\/index.php?rest_route=\/wp\/v2\/media\/8029"}],"wp:attachment":[{"href":"https:\/\/kasadesign.com.ar\/store\/index.php?rest_route=%2Fwp%2Fv2%2Fmedia&parent=8026"}],"wp:term":[{"taxonomy":"product_brand","embeddable":true,"href":"https:\/\/kasadesign.com.ar\/store\/index.php?rest_route=%2Fwp%2Fv2%2Fproduct_brand&post=8026"},{"taxonomy":"product_cat","embeddable":true,"href":"https:\/\/kasadesign.com.ar\/store\/index.php?rest_route=%2Fwp%2Fv2%2Fproduct_cat&post=8026"},{"taxonomy":"product_tag","embeddable":true,"href":"https:\/\/kasadesign.com.ar\/store\/index.php?rest_route=%2Fwp%2Fv2%2Fproduct_tag&post=8026"}],"curies":[{"name":"wp","href":"https:\/\/api.w.org\/{rel}","templated":true}]}}