{"id":2465,"date":"2020-05-29T11:24:01","date_gmt":"2020-05-29T14:24:01","guid":{"rendered":"https:\/\/kasadesign.com.ar\/store\/?post_type=product&#038;p=2465"},"modified":"2025-11-10T09:26:27","modified_gmt":"2025-11-10T12:26:27","slug":"altarcito","status":"publish","type":"product","link":"https:\/\/kasadesign.com.ar\/store\/?product=altarcito","title":{"rendered":"Altarcito Butsudan"},"content":{"rendered":"<div dir=\"auto\">\n<p>Nuestro \u00abButsudan\u00bb: es un elemento de estilo japon\u00e9s (como un altarcito) para la practica del busdismo o cualquier otra religiosidad, realizado en madera, para proteger los objetos de veneracion, los m\u00e1s preciados.<\/p>\n<p>Posee dos cajoncitos para el guardado de accesorios como velas, inciensos, piedritas o cualquier elemento que desees guardar con aprecio y practicar los deseos diarios.<\/p>\n<p>De estilo minimalista, es el toque de espiritualidad que necesitas para que tu casa est\u00e9 hamonizada y proteger a todos tus objetos de venraci\u00f3n! Amamos los rituales diarios ya que de ellos vivimos, y los deseos se hacen realidad!<\/p>\n<p>Es ideal para dedicarle unos momentos a la energia personal, y sobretodo de lo m\u00e1s importante: la casa donde vivimos. \u00a0Sus medidas son: 40 x 20 x 50 cm<\/p>\n<p><strong>Si sentiste que lo amas tanto como nosotros, presiona el bot\u00f3n m\u00e1gico! En pocos d\u00edas lo tendr\u00e1s en tus manos.<\/strong><\/p>\n<\/div>\n<div dir=\"auto\"><\/div>\n<div dir=\"auto\"><\/div>\n<div dir=\"auto\"><\/div>\n","protected":false},"excerpt":{"rendered":"<p>Altar para guardado de elementos religiosos: deidades, budas, inciensos, piedras de la suerte, velas, y ofrendas.<\/p>\n<p>Dise\u00f1ado seg\u00fan las lineas de los Butsudan japoneses.<\/p>\n","protected":false},"featured_media":7999,"comment_status":"open","ping_status":"closed","template":"","meta":[],"product_brand":[],"product_cat":[28,39,40],"product_tag":[97,103,98,99,102],"class_list":{"0":"post-2465","1":"product","2":"type-product","3":"status-publish","4":"has-post-thumbnail","6":"product_cat-accesorios1","7":"product_cat-nuevos1","8":"product_cat-todos","9":"product_tag-banco","10":"product_tag-comedor","11":"product_tag-laca","12":"product_tag-living","13":"product_tag-mesa","15":"first","16":"instock","17":"shipping-taxable","18":"purchasable","19":"product-type-simple"},"_links":{"self":[{"href":"https:\/\/kasadesign.com.ar\/store\/index.php?rest_route=\/wp\/v2\/product\/2465","targetHints":{"allow":["GET"]}}],"collection":[{"href":"https:\/\/kasadesign.com.ar\/store\/index.php?rest_route=\/wp\/v2\/product"}],"about":[{"href":"https:\/\/kasadesign.com.ar\/store\/index.php?rest_route=\/wp\/v2\/types\/product"}],"replies":[{"embeddable":true,"href":"https:\/\/kasadesign.com.ar\/store\/index.php?rest_route=%2Fwp%2Fv2%2Fcomments&post=2465"}],"wp:featuredmedia":[{"embeddable":true,"href":"https:\/\/kasadesign.com.ar\/store\/index.php?rest_route=\/wp\/v2\/media\/7999"}],"wp:attachment":[{"href":"https:\/\/kasadesign.com.ar\/store\/index.php?rest_route=%2Fwp%2Fv2%2Fmedia&parent=2465"}],"wp:term":[{"taxonomy":"product_brand","embeddable":true,"href":"https:\/\/kasadesign.com.ar\/store\/index.php?rest_route=%2Fwp%2Fv2%2Fproduct_brand&post=2465"},{"taxonomy":"product_cat","embeddable":true,"href":"https:\/\/kasadesign.com.ar\/store\/index.php?rest_route=%2Fwp%2Fv2%2Fproduct_cat&post=2465"},{"taxonomy":"product_tag","embeddable":true,"href":"https:\/\/kasadesign.com.ar\/store\/index.php?rest_route=%2Fwp%2Fv2%2Fproduct_tag&post=2465"}],"curies":[{"name":"wp","href":"https:\/\/api.w.org\/{rel}","templated":true}]}}